n thousands digit of 55060?
5
What is the hundreds digit of 23278?
2
What is the units digit of 801?
1
What is the thousands digit of 19911?
9
What is the units digit of 8430?
0
What is the hundreds digit of 82388?
3
What is the hundreds digit of 8289?
2
What is the hundreds digit of 15211?
2
What is the hundreds digit of 4250?
2
What is the thousands digit of 2461?
2
What is the units digit of 1112?
2
What is the units digit of 1838?
8
What is the thousands digit of 1998?
1
What is the thousands digit of 11669?
1
What is the hundreds digit of 12442?
4
What is the hundreds digit of 51299?
2
What is the hundreds digit of 11042?
0
What is the units digit of 4375?
5
What is the tens digit of 34742?
4
What is the units digit of 117916?
6
What is the units digit of 3135?
5
What is the hundreds digit of 4545?
5
What is the tens digit of 896?
9
What is the tens digit of 3932?
3
What is the hundreds digit of 22872?
8
What is the ten thousands digit of 31240?
3
What is the tens digit of 8065?
6
What is the hundreds digit of 127?
1
What is the units digit of 33653?
3
What is the units digit of 1942?
2
What is the tens digit of 295?
9
What is the ten thousands digit of 41659?
4
What is the tens digit of 653?
5
What is the thousands digit of 2663?
2
What is the units digit of 60229?
9
What is the tens digit of 1523?
2
What is the ten thousands digit of 40185?
4
What is the hundred thousands digit of 172339?
1
What is the units digit of 24?
4
What is the hundreds digit of 16967?
9
What is the thousands digit of 3345?
3
What is the units digit of 1338?
8
What is the tens digit of 77201?
0
What is the tens digit of 4314?
1
What is the units digit of 2700?
0
What is the units digit of 464?
4
What is the units digit of 22033?
3
What is the ten thousands digit of 68601?
6
What is the units digit of 21018?
8
What is the units digit of 4019?
9
What is the units digit of 98339?
9
What is the tens digit of 1561?
6
What is the tens digit of 91145?
4
What is the thousands digit of 7926?
7
What is the hundreds digit of 34888?
8
What is the hundreds digit of 90547?
5
What is the units digit of 3087?
7
What is the hundreds digit of 58271?
2
What is the hundred thousands digit of 131492?
1
What is the ten thousands digit of 158647?
5
What is the hundreds digit of 7667?
6
What is the units digit of 5630?
0
What is the hundreds digit of 8710?
7
What is the tens digit of 939?
3
What is the tens digit of 21688?
8
What is the tens digit of 6383?
8
What is the tens digit of 3158?
5
What is the ten thousands digit of 20455?
2
What is the units digit of 2804?
4
What is the thousands digit of 14733?
4
What is the hundreds digit of 67811?
8
What is the tens digit of 15865?
6
What is the units digit of 416?
6
What is the units digit of 45451?
1
What is the tens digit of 3233?
3
What is the thousands digit of 41030?
1
What is the thousands digit of 9649?
9
What is the tens digit of 6076?
7
What is the units digit of 19195?
5
What is the thousands digit of 2076?
2
What is the thousands digit of 4929?
4
What is the thousands digit of 74602?
4
What is the hundreds digit of 30347?
3
What is the units digit of 52?
2
What is the tens digit of 24273?
7
What is the tens digit of 130624?
2
What is the hundreds digit of 1075?
0
What is the thousands digit of 12993?
2
What is the thousands digit of 36829?
6
What is the units digit of 2127?
7
What is the tens digit of 90?
9
What is the tens digit of 3869?
6
What is the tens digit of 3683?
8
What is the thousands digit of 1223?
1
What is the units digit of 41537?
7
What is the thousands digit of 2673?
2
What is the thousands digit of 3968?
3
What is the hundreds digit of 1209?
2
What is the units digit of 6979?
9
What is the hundreds digit of 1742?
7
What is the units digit of 4885?
5
What is the tens digit of 5523?
2
What is the units digit of 6099?
9
What is the thousands digit of 5784?
5
What is the hundreds digit of 518?
5
What is the thousands digit of 17202?
7
What is the hundreds digit of 9513?
5
What is the tens digit of 874?
7
What is the tens digit of 26799?
9
What is the hundreds digit of 17051?
0
What is the hundreds digit of 4936?
9
What is the thousands digit of 3110?
3
What is the units digit of 199?
9
What is the tens digit of 2371?
7
What is the units digit of 757?
7
What is the thousands digit of 11077?
1
What is the hundreds digit of 117?
1
What is the thousands digit of 2858?
2
What is the thousands digit of 34571?
4
What is the units digit of 15784?
4
What is the ten thousands digit of 22218?
2
What is the ten thousands digit of 29174?
2
What is the hundreds digit of 2397?
3
What is the tens digit of 2436?
3
What is the tens digit of 876?
7
What is the tens digit of 489?
8
What is the tens digit of 58?
5
What is the units digit of 2470?
0
What is the thousands digit of 7330?
7
What is the hundreds digit of 6995?
9
What is the units digit of 51794?
4
What is the tens digit of 21543?
4
What is the tens digit of 4306?
0
What is the tens digit of 47149?
4
What is the tens digit of 777?
7
What is the hundreds digit of 4845?
8
What is the hundreds digit of 846?
8
What is the thousands digit of 14191?
4
What is the units digit of 7744?
4
What is the thousands digit of 2048?
2
What is the hundreds digit of 4895?
8
What is the tens digit of 3144?
4
What is the hundreds digit of 16241?
2
What is the hundreds digit of 35827?
8
What is the units digit of 1885?
5
What is the tens digit of 28340?
4
What is the tens digit of 8036?
3
What is the hundreds digit of 20779?
7
What is the ten thousands digit of 28456?
2
What is the tens digit of 603?
0
What is the units digit of 3646?
6
What is the ten thousands digit of 126602?
2
What is the hundreds digit of 4272?
2
What is the units digit of 2318?
8
What is the hundreds digit of 27705?
7
What is the tens digit of 115232?
3
What is the hundreds digit of 22297?
2
What is the hundreds digit of 30002?
0
What is the units digit of 676?
6
What is the units digit of 10?
0
What is the hundreds digit of 3626?
6
What is the units digit of 6972?
2
What is the hundreds digit of 28491?
4
What is the units digit of 520?
0
What is the hundreds digit of 13873?
8
What is the tens digit of 10700?
0
What is the tens digit of 230?
3
What is the units digit of 28352?
2
What is the thousands digit of 1273?
1
What is the units digit of 947?
7
What is the hundreds digit of 1623?
6
What is the thousands digit of 4788?
4
What is the tens digit of 172008?
0
What is the tens digit of 29078?
7
What is the thousands digit of 30685?
0
What is the units digit of 254?
4
What is the units digit of 239?
9
What is the tens digit of 81585?
8
What is the tens digit of 1935?
3
What is the hundreds digit of 20143?
1
What is the tens digit of 19484?
8
What is the units digit of 411?
1
What is the units digit of 684?
4
What is the units digit of 1693?
3
What is the thousands digit of 4784?
4
What is the hundreds digit of 22975?
9
What is the ten thousands digit of 45317?
4
What is the thousands digit of 12835?
2
What is the units digit of 562?
2
What is the ten thousands digit of 49036?
4
What is the tens digit of 2543?
4
What is the tens digit of 6609?
0
What is the tens digit of 780?
8
What is the tens digit of 648?
4
What is the tens digit of 68563?
6
What is the tens digit of 2721?
2
What is the thousands digit of 144110?
4
What is the tens digit of 80767?
6
What is the hundreds digit of 3367?
3
What is the hundreds digit of 12498?
4
What is the hundreds digit of 1911?
9
What is the tens digit of 471?
7
What is the tens digit of 26696?
9
What is the hundreds digit of 10914?
9
What is the units digit of 133?
3
What is the tens digit of 336?
3
What is the hundreds digit of 7096?
0
What is the hundreds digit of 57227?
2
What is the units digit of 666?
6
What is the thousands digit of 22379?
2
What is the hundreds digit of 47537?
5
What is the hundreds digit of 827?
8
What is the units digit of 1544?
4
What is the thousands digit of 11355?
1
What is the thousands digit of 7066?
7
What is the units digit of 189?
9
What is the hundreds digit of 87316?
3
What is the hundreds digit of 309?
3
What is the units digit of 1005?
5
What is the hundreds digit of 1053?
0
What is the units digit of 2717?
7
What is the thousands digit of 3139